red thousands digit of 373467888?
4
What is the billions digit of 2012521233?
2
What is the ten thousands digit of 1731526609?
2
What is the millions digit of 3793640655?
3
What is the hundred millions digit of 243864441?
2
What is the tens digit of 1236796532?
3
What is the units digit of 1363753483?
3
What is the hundred millions digit of 117639886?
1
What is the hundred thousands digit of 117850014?
8
What is the hundreds digit of 2115532783?
7
What is the units digit of 515099?
9
What is the millions digit of 4640586064?
0
What is the millions digit of 699795244?
9
What is the units digit of 78857376?
6
What is the thousands digit of 231673867?
3
What is the ten thousands digit of 170679444?
7
What is the hundred thousands digit of 48854130?
8
What is the thousands digit of 6842662?
2
What is the millions digit of 2706653044?
6
What is the ten thousands digit of 165159663?
5
What is the millions digit of 1544860920?
4
What is the tens digit of 773826812?
1
What is the billions digit of 3104979899?
3
What is the ten millions digit of 781415021?
8
What is the tens digit of 15100246?
4
What is the millions digit of 36170248?
6
What is the ten thousands digit of 744161044?
6
What is the hundred thousands digit of 111030347?
0
What is the units digit of 86130908?
8
What is the millions digit of 424319738?
4
What is the units digit of 430146952?
2
What is the units digit of 1247636075?
5
What is the tens digit of 182170427?
2
What is the hundred thousands digit of 49200750?
2
What is the millions digit of 42388104?
2
What is the units digit of 8154675?
5
What is the ten millions digit of 64772289?
6
What is the ten millions digit of 864590396?
6
What is the millions digit of 340158347?
0
What is the hundreds digit of 1512859837?
8
What is the hundred millions digit of 253852578?
2
What is the ten millions digit of 5452256290?
5
What is the ten millions digit of 39735450?
3
What is the ten millions digit of 333976298?
3
What is the hundreds digit of 1191834556?
5
What is the ten millions digit of 3139896633?
3
What is the hundreds digit of 920423088?
0
What is the hundred thousands digit of 39021882?
0
What is the hundred millions digit of 184370886?
1
What is the thousands digit of 606547264?
7
What is the ten millions digit of 5198123851?
9
What is the hundred millions digit of 236930106?
2
What is the units digit of 997975246?
6
What is the hundred millions digit of 2166480141?
1
What is the tens digit of 13544866?
6
What is the thousands digit of 28515243?
5
What is the hundred millions digit of 6926454346?
9
What is the thousands digit of 123760644?
0
What is the hundreds digit of 7123934788?
7
What is the thousands digit of 2373343564?
3
What is the hundred thousands digit of 1108734097?
7
What is the tens digit of 475206748?
4
What is the hundred millions digit of 103528520?
1
What is the ten millions digit of 415412476?
1
What is the hundred thousands digit of 4373285582?
2
What is the units digit of 635229908?
8
What is the millions digit of 6806599132?
6
What is the millions digit of 400835170?
0
What is the tens digit of 198961658?
5
What is the thousands digit of 71485117?
5
What is the units digit of 71029724?
4
What is the millions digit of 2919249269?
9
What is the hundred millions digit of 283628699?
2
What is the hundreds digit of 133036015?
0
What is the hundreds digit of 19723879?
8
What is the hundred thousands digit of 20345795?
3
What is the thousands digit of 1471335704?
5
What is the hundreds digit of 260578483?
4
What is the hundred thousands digit of 183558051?
5
What is the tens digit of 17025283?
8
What is the millions digit of 41399319?
1
What is the thousands digit of 1950317777?
7
What is the ten millions digit of 438553361?
3
What is the units digit of 48550369?
9
What is the hundred thousands digit of 1133063658?
0
What is the millions digit of 9788921?
9
What is the hundred thousands digit of 354323267?
3
What is the tens digit of 7810312?
1
What is the billions digit of 2186090628?
2
What is the billions digit of 2185241117?
2
What is the billions digit of 5937396764?
5
What is the millions digit of 1296067?
1
What is the tens digit of 645018178?
7
What is the thousands digit of 16879887?
9
What is the thousands digit of 6453553?
3
What is the thousands digit of 2741514686?
4
What is the ten millions digit of 590374519?
9
What is the millions digit of 89166080?
9
What is the ten millions digit of 162955832?
6
What is the thousands digit of 168288741?
8
What is the millions digit of 489208335?
9
What is the millions digit of 2351905540?
1
What is the hundred thousands digit of 315492953?
4
What is the ten thousands digit of 99661481?
6
What is the thousands digit of 4918833565?
3
What is the hundred millions digit of 527603804?
5
What is the hundred thousands digit of 71635837?
6
What is the hundred millions digit of 1973875774?
9
What is the thousands digit of 101832490?
2
What is the hundreds digit of 4421167921?
9
What is the billions digit of 2750031597?
2
What is the tens digit of 244000348?
4
What is the hundreds digit of 631791257?
2
What is the ten millions digit of 118389833?
1
What is the hundreds digit of 45363036?
0
What is the thousands digit of 233687595?
7
What is the hundred thousands digit of 48684830?
6
What is the millions digit of 180424716?
0
What is the hundred thousands digit of 161957348?
9
What is the hundreds digit of 29180114?
1
What is the ten thousands digit of 229403087?
0
What is the thousands digit of 11296548?
6
What is the ten thousands digit of 443347208?
4
What is the hundred thousands digit of 257044464?
0
What is the hundred millions digit of 7181714815?
1
What is the hundreds digit of 537346428?
4
What is the ten thousands digit of 662156098?
5
What is the hundred thousands digit of 3648267?
6
What is the ten thousands digit of 6792164724?
6
What is the hundreds digit of 862662939?
9
What is the hundreds digit of 45709452?
4
What is the hundred millions digit of 912389619?
9
What is the ten millions digit of 42388419?
4
What is the thousands digit of 286283576?
3
What is the hundreds digit of 39504319?
3
What is the thousands digit of 461494064?
4
What is the hundreds digit of 112057535?
5
What is the billions digit of 3642944075?
3
What is the ten millions digit of 4389964261?
8
What is the hundreds digit of 996543215?
2
What is the hundred thousands digit of 1387742642?
7
What is the millions digit of 2611875009?
1
What is the hundreds digit of 93237060?
0
What is the thousands digit of 67026627?
6
What is the hundreds digit of 27854069?
0
What is the ten millions digit of 53328353?
5
What is the thousands digit of 1106028444?
8
What is the millions digit of 156616346?
6
What is the millions digit of 83374181?
3
What is the tens digit of 3122001510?
1
What is the ten millions digit of 86604607?
8
What is the millions digit of 21966968?
1
What is the units digit of 162904036?
6
What is the hundred thousands digit of 62725806?
7
What is the hundreds digit of 3275290809?
8
What is the thousands digit of 206497148?
7
What is the tens digit of 103979148?
4
What is the millions digit of 68670941?
8
What is the hundred millions digit of 144853026?
1
What is the tens digit of 473891?
9
What is the hundred thousands digit of 720308231?
3
What is the hundreds digit of 95474485?
4
What is the hundreds digit of 12452258?
2
What is the hundred thousands digit of 973711978?
7
What is the thousands digit of 292270421?
0
What is the ten millions digit of 65844868?
6
What is the hundred millions digit of 7184834624?
1
What is the hundred thousands digit of 945429735?
4
What is the units digit of 346035025?
5
What is the millions digit of 7758613?
7
What is the thousands digit of 15421467?
1
What is the ten millions digit of 274704369?
7
What is the hundreds digit of 988897770?
7
What is the hundred thousands digit of 43841500?
8
What is the tens digit of 1583545332?
3
What is the tens digit of 61917834?
3
What is the millions digit of 16937185?
6
What is the hundred thousands digit of 2892027?
8
What is the thousands digit of 129688726?
8
What is the tens digit of 330694133?
3
What is the billions digit of 3775582344?
3
What is the tens digit of 293968334?
3
What is the tens digit of 